reatest common divisor of 7 and 2387.
7
Calculate the highest common factor of 50 and 1280.
10
What is the highest common factor of 189 and 14?
7
Calculate the highest common factor of 125 and 65.
5
What is the greatest common divisor of 536 and 8?
8
What is the greatest common divisor of 2156 and 882?
98
Calculate the greatest common factor of 108 and 189.
27
Calculate the greatest common factor of 1695 and 113.
113
Calculate the highest common divisor of 80 and 176.
16
Calculate the greatest common factor of 33 and 12683.
11
Calculate the highest common divisor of 34 and 306.
34
What is the greatest common factor of 2616 and 24?
24
What is the highest common divisor of 115 and 23?
23
What is the highest common divisor of 104 and 351?
13
Calculate the greatest common factor of 120 and 90.
30
What is the highest common factor of 690 and 19090?
230
Calculate the highest common divisor of 161 and 46.
23
What is the highest common divisor of 30 and 159?
3
Calculate the highest common factor of 440 and 40.
40
Calculate the greatest common factor of 21 and 567.
21
Calculate the greatest common factor of 475 and 38.
19
Calculate the greatest common divisor of 240 and 60.
60
What is the highest common factor of 28 and 1442?
14
Calculate the highest common factor of 301 and 14.
7
Calculate the greatest common divisor of 568 and 8.
8
Calculate the greatest common divisor of 42 and 2660.
14
What is the greatest common factor of 8307 and 117?
117
Calculate the greatest common factor of 44 and 165.
11
Calculate the greatest common divisor of 53 and 5989.
53
What is the greatest common factor of 34 and 4?
2
What is the highest common factor of 57 and 285?
57
Calculate the greatest common factor of 96 and 12816.
48
What is the highest common divisor of 66 and 1221?
33
What is the greatest common divisor of 243 and 36?
9
Calculate the greatest common factor of 234 and 1560.
78
What is the highest common divisor of 13 and 2?
1
Calculate the greatest common factor of 6302 and 46.
46
What is the greatest common factor of 18 and 534?
6
Calculate the highest common factor of 64 and 1.
1
What is the highest common factor of 137 and 1?
1
Calculate the highest common divisor of 2 and 38.
2
Calculate the highest common divisor of 360 and 90.
90
What is the greatest common divisor of 48 and 54?
6
What is the highest common divisor of 4272 and 80?
16
Calculate the greatest common divisor of 2101 and 121.
11
What is the highest common divisor of 45 and 27?
9
Calculate the greatest common divisor of 17696 and 224.
224
Calculate the highest common factor of 4 and 5068.
4
Calculate the highest common divisor of 1513 and 89.
89
Calculate the greatest common divisor of 120 and 360.
120
What is the greatest common factor of 272 and 85?
17
Calculate the highest common factor of 168 and 224.
56
What is the highest common factor of 2960 and 5365?
185
What is the highest common divisor of 192 and 64?
64
Calculate the greatest common divisor of 2236 and 13.
13
What is the greatest common factor of 13 and 2?
1
Calculate the highest common divisor of 13 and 1079.
13
What is the greatest common factor of 580 and 116?
116
What is the highest common divisor of 10428 and 264?
132
Calculate the highest common factor of 40 and 980.
20
What is the greatest common divisor of 27 and 6561?
27
What is the greatest common divisor of 249 and 332?
83
What is the greatest common divisor of 3120 and 240?
240
Calculate the greatest common divisor of 1998 and 54.
54
What is the highest common divisor of 57 and 7809?
57
Calculate the greatest common factor of 132 and 32.
4
Calculate the greatest common factor of 12 and 8292.
12
Calculate the greatest common divisor of 19 and 19.
19
What is the highest common factor of 3597 and 109?
109
Calculate the greatest common divisor of 117 and 756.
9
What is the highest common divisor of 130 and 234?
26
Calculate the highest common divisor of 902 and 164.
82
What is the highest common divisor of 118421 and 79?
79
Calculate the highest common divisor of 40 and 20160.
40
Calculate the highest common factor of 110302 and 262.
262
What is the highest common divisor of 87 and 116?
29
What is the greatest common divisor of 19 and 19?
19
Calculate the greatest common divisor of 2067 and 1431.
159
Calculate the greatest common factor of 7 and 77.
7
Calculate the highest common factor of 40 and 115.
5
What is the highest common factor of 19 and 40?
1
What is the greatest common factor of 60 and 3810?
30
What is the greatest common factor of 99 and 77?
11
What is the greatest common factor of 3553 and 85?
17
What is the greatest common divisor of 1605 and 428?
107
What is the highest common divisor of 30 and 4890?
30
What is the greatest common factor of 18 and 63?
9
Calculate the highest common factor of 98 and 2.
2
What is the greatest common factor of 105 and 805?
35
What is the highest common divisor of 1240 and 31?
31
What is the highest common divisor of 834 and 6?
6
What is the greatest common divisor of 11 and 1331?
11
Calculate the greatest common factor of 310 and 558.
62
Calculate the highest common divisor of 4304 and 16.
16
What is the highest common factor of 102 and 1802?
34
Calculate the greatest common factor of 2 and 840.
2
Calculate the highest common factor of 20 and 140.
20
What is the highest common factor of 8 and 1016?
8
What is the highest common factor of 49 and 245?
49
Calculate the greatest common factor of 15 and 6735.
15
Calculate the highest common divisor of 16 and 236.
4
What is the highest common divisor of 14625 and 25?
25
Calculate the highest common factor of 42 and 48.
6
What is the highest common divisor of 756 and 1836?
108
What is the greatest common divisor of 8 and 296?
8
What is the greatest common divisor of 66 and 66?
66
What is the greatest common factor of 3969 and 405?
81
What is the greatest common divisor of 27 and 1431?
27
What is the highest common divisor of 420 and 6825?
105
What is the highest common factor of 68 and 2057?
17
What is the greatest common factor of 130 and 710?
10
What is the highest common factor of 544 and 68?
68
Calculate the highest common factor of 27895 and 5.
5
What is the greatest common factor of 790 and 10?
10
Calculate the greatest common factor of 21 and 38157.
21
Calculate the highest common factor of 1239 and 21.
21
Calculate the highest common divisor of 10 and 7790.
10
What is the greatest common divisor of 1598 and 85?
17
What is the greatest common factor of 13488 and 144?
48
Calculate the highest common divisor of 96 and 128.
32
What is the greatest common divisor of 56 and 21?
7
What is the greatest common factor of 36 and 4950?
18
Calculate the highest common factor of 65 and 715.
65
Calculate the highest common divisor of 2616 and 72.
24
Calculate the highest common factor of 117 and 14677.
13
What is the greatest common divisor of 301 and 42?
7
Calculate the greatest common divisor of 171 and 57.
57
Calculate the highest common divisor of 616 and 15939.
77
Calculate the highest common factor of 99647 and 397.
397
What is the highest common divisor of 38947 and 51?
17
Calculate the greatest common divisor of 1150 and 92.
46
What is the greatest common factor of 4512 and 66?
6
Calculate the highest common divisor of 144 and 80.
16
What is the highest common divisor of 1071 and 5661?
153
What is the greatest common factor of 179 and 56743?
179
What is the highest common factor of 68 and 31858?
34
Calculate the highest common factor of 5026 and 70.
14
Calculate the greatest common divisor of 24 and 18.
6
What is the highest common divisor of 20 and 540?
20
Calculate the greatest common factor of 16 and 16.
16
What is the highest common factor of 10209 and 1245?
249
What is the highest common divisor of 36 and 774?
18
What is the highest common divisor of 154 and 198?
22
Calculate the greatest common divisor of 391 and 299.
23
Calculate the highest common factor of 109 and 4.
1
Calculate the highest common factor of 651 and 7.
7
Calculate the greatest common divisor of 21 and 35.
7
Calculate the highest common divisor of 5076 and 940.
188
Calculate the greatest common divisor of 22 and 5104.
22
What is the greatest common factor of 15 and 595?
5
What is the greatest common divis